{"id":15247,"date":"2023-08-23T19:11:51","date_gmt":"2023-08-23T16:11:51","guid":{"rendered":"https:\/\/www.ndfmakina.com\/urun\/puskurtme-tabancasi-2-li-uc\/"},"modified":"2024-02-27T16:24:05","modified_gmt":"2024-02-27T13:24:05","slug":"puskurtme-tabancasi-2-li-uc","status":"publish","type":"product","link":"https:\/\/www.ndfmakina.com\/?product=puskurtme-tabancasi-2-li-uc","title":{"rendered":"P\u00dcSK\u00dcRTME TABANCASI 2 L\u0130 U\u00c7"},"content":{"rendered":"<p>\u0130LA\u00c7 MOTORU TABANCASI<\/p>\n","protected":false},"excerpt":{"rendered":"<p>\u0130LA\u00c7 MOTORU TABANCASI<\/p>\n","protected":false},"featured_media":15248,"template":"","meta":[],"product_cat":[13768,13782],"product_tag":[],"_links":{"self":[{"href":"https:\/\/www.ndfmakina.com\/index.php?rest_route=\/wp\/v2\/product\/15247"}],"collection":[{"href":"https:\/\/www.ndfmakina.com\/index.php?rest_route=\/wp\/v2\/product"}],"about":[{"href":"https:\/\/www.ndfmakina.com\/index.php?rest_route=\/wp\/v2\/types\/product"}],"wp:featuredmedia":[{"embeddable":true,"href":"https:\/\/www.ndfmakina.com\/index.php?rest_route=\/wp\/v2\/media\/15248"}],"wp:attachment":[{"href":"https:\/\/www.ndfmakina.com\/index.php?rest_route=%2Fwp%2Fv2%2Fmedia&parent=15247"}],"wp:term":[{"taxonomy":"product_cat","embeddable":true,"href":"https:\/\/www.ndfmakina.com\/index.php?rest_route=%2Fwp%2Fv2%2Fproduct_cat&post=15247"},{"taxonomy":"product_tag","embeddable":true,"href":"https:\/\/www.ndfmakina.com\/index.php?rest_route=%2Fwp%2Fv2%2Fproduct_tag&post=15247"}],"curies":[{"name":"wp","href":"https:\/\/api.w.org\/{rel}","templated":true}]}}