{"id":14951,"date":"2023-08-23T19:09:37","date_gmt":"2023-08-23T16:09:37","guid":{"rendered":"https:\/\/www.ndfmakina.com\/urun\/starter-kapak-husqvarna-51-55\/"},"modified":"2024-09-28T10:10:16","modified_gmt":"2024-09-28T07:10:16","slug":"starter-kapak-husqvarna-51-55","status":"publish","type":"product","link":"https:\/\/www.ndfmakina.com\/?product=starter-kapak-husqvarna-51-55","title":{"rendered":"STARTER KAPAK HUSQVARNA 51\/55"},"content":{"rendered":"<p>PLAST\u0130K MAR\u015e KAPA\u011eI KOMPLE SET<\/p>\n","protected":false},"excerpt":{"rendered":"<p>PLAST\u0130K MAR\u015e KAPA\u011eI KOMPLE SET<\/p>\n","protected":false},"featured_media":14952,"template":"","meta":[],"product_cat":[13680,13713],"product_tag":[],"_links":{"self":[{"href":"https:\/\/www.ndfmakina.com\/index.php?rest_route=\/wp\/v2\/product\/14951"}],"collection":[{"href":"https:\/\/www.ndfmakina.com\/index.php?rest_route=\/wp\/v2\/product"}],"about":[{"href":"https:\/\/www.ndfmakina.com\/index.php?rest_route=\/wp\/v2\/types\/product"}],"wp:featuredmedia":[{"embeddable":true,"href":"https:\/\/www.ndfmakina.com\/index.php?rest_route=\/wp\/v2\/media\/14952"}],"wp:attachment":[{"href":"https:\/\/www.ndfmakina.com\/index.php?rest_route=%2Fwp%2Fv2%2Fmedia&parent=14951"}],"wp:term":[{"taxonomy":"product_cat","embeddable":true,"href":"https:\/\/www.ndfmakina.com\/index.php?rest_route=%2Fwp%2Fv2%2Fproduct_cat&post=14951"},{"taxonomy":"product_tag","embeddable":true,"href":"https:\/\/www.ndfmakina.com\/index.php?rest_route=%2Fwp%2Fv2%2Fproduct_tag&post=14951"}],"curies":[{"name":"wp","href":"https:\/\/api.w.org\/{rel}","templated":true}]}}